 16, 5*n - c = -6*g + 3*g. Suppose -36 = -4*a - n*a. List the prime factors of a.
3
Let k = 1322 + -847. What are the prime factors of k?
5, 19
Let o(y) = 19*y - 4. Let s(z) = -z - 4. Let u be s(-6). List the prime factors of o(u).
2, 17
Let l(f) = -6 - 9*f**2 - 7*f - 2*f**3 + 13*f**2 + 6*f**3 - 3*f**3. Suppose 4*c + 11 + 5 = 0. List the prime factors of l(c).
2, 11
What are the prime factors of 1477*((-2)/6 - (-36)/27)?
7, 211
Let x(l) = 4*l - 83. List the prime factors of x(27).
5
Suppose -4*v + 4637 = -j, 4*v + 2*j - 4945 = -323. What are the prime factors of v?
2, 3, 193
Let c be (6/(-9))/(2/(-6)). Let b(m) = 2*m**3 + 2*m - 2. Let f be b(2). Suppose d = -n + 17, -n + c*n - f = -2*d. List the prime factors of n.
2
Suppose 8*f = 14*f + 264. Suppose -3 = -2*p - 7, 2*z = -3*p - 4. What are the prime factors of z*-3 - (f - 0)?
41
Let u(q) = q. Let k = 20 - 14. Let i be u(k). Suppose t - 30 = 3*h, i*t - h - 150 = t. What are the prime factors of t?
2, 3, 5
Suppose -4*n + 30 = -2*b - 6, -3*b = 0. Suppose 0 = n*f - 5*f - 68. What are the prime factors of (f - 4) + (-3)/(-1)?
2
Suppose -t = 11*z - 7*z - 547, -5*t = 5*z - 2735. What are the prime factors of t?
547
Let k(j) = -j**3 - 18*j**2 - 18*j - 14. Let q be k(-17). Suppose q = f - 1. Suppose 3*w - 2*v + 1 = 22, f*v = -w + 21. List the prime factors of w.
3
Suppose -13 = -p - 16. Let k be (p - -5)*(-9)/(-2). List the prime factors of k/((-135)/10)*-75.
2, 5
Suppose -317 = 2*c - 1567. Suppose 19*r - 14*r - c = 0. List the prime factors of r.
5
Let j = 49 + -34. What are the prime factors of j*((-2)/(-3) - -1)?
5
Let d(f) = f**2 + 7*f + 7. Let a be ((-15)/10)/((-3)/4). Let z(k) = -7*k + 5. Let c be z(a). List the prime factors of d(c).
5
Suppose -18*q + 1000 = -14*q. Let x = q + -162. Let a = x - 60. List the prime factors of a.
2, 7
Suppose 13*j - 412 = 121. Let q = j - -232. What are the prime factors of q?
3, 7, 13
Suppose 11*b - 7*b - r = 662, 5*r + 10 = 0. List the prime factors of b.
3, 5, 11
Suppose -3*v + 2 = 4*y + 1, -2*v - 5*y = 4. Suppose 114 = 3*f - v*x, 0 = -6*f + 3*f - x + 110. List the prime factors of f.
37
Let h = 21 + -20. Let m(s) = 2*s**3 - s**2 + 1. Let v be m(h). Suppose -3*x = -103 - v. What are the prime factors of x?
5, 7
Suppose -326*r - 2232 = -327*r. What are the prime factors of r?
2, 3, 31
Suppose 0 = 5*z - 510 + 100. List the prime factors of 4 + 2 + z - 1.
3, 29
What are the prime factors of (-4)/(-6)*(-6 - 31185/(-14))?
1481
Let a(o) = 45*o - 68. What are the prime factors of a(10)?
2, 191
Let t = 1474 - 1399. What are the prime factors of t?
3, 5
Let i(l) = 22*l**3 - 9*l**2 - 3*l + 10. List the prime factors of i(3).
2, 257
Let z be 134 - 1/(-3)*-3. Suppose 3*j + z = -4*j. Let d = j + 33. List the prime factors of d.
2, 7
Suppose 0 = -3*l - 6, 0 = 3*z - 5*l - 7 - 36. Suppose -13*o + z*o + 20 = 0. What are the prime factors of o?
2, 5
Let s(b) = 19*b**2 + 2*b - 1. Let f be s(1). Suppose 4*h + 0*h - 22 = 3*q, -4*q = -3*h + f. Suppose 230 = h*z + z. List the prime factors of z.
2, 23
Suppose -6 = -2*w + 2. Suppose w*m = -m + 100. What are the prime factors of m?
2, 5
Let t be (-1)/((-1)/207*-3). Let s = 15 - t. What are the prime factors of s?
2, 3, 7
Let i(u) = 13*u - 8. What are the prime factors of i(5)?
3, 19
Suppose 0 = 16*g - 15*g - 16. Let r = 0 + 0. Suppose 5*m + g - 171 = r. List the prime factors of m.
31
Let j = 1529 + 576. What are the prime factors of j?
5, 421
Suppose 15*j - 23*j = -5552. List the prime factors of j.
2, 347
Let w = -8 + 10. Suppose -2*k + w*a + 398 = 0, 3*k - 6*a + 4*a - 599 = 0. Suppose 4*f - 99 = k. What are the prime factors of f?
3, 5
Let m = 530 - -283. Suppose m = 5*x - 27. What are the prime factors of x?
2, 3, 7
Let y = -13 - -25. Let q = y + -10. What are the prime factors of (-6)/(-9)*57/q?
19
Let s = 26 + -24. Suppose -w + 0 + 5 = -y, 0 = 3*y + s*w + 15. List the prime factors of (-2)/y + 1090/25.
2, 11
Suppose -2*t = -5*t - 24. List the prime factors of 4/t + (-50)/(-4).
2, 3
Let z be -2 + 2 - (-40)/10. List the prime factors of (-15)/5 + (-2)/(z/(-70)).
2
Suppose 0 = -2*f - 2*r - 4, -3*f + 3*r + 36 = 12. Let z be (-54)/(-63)*28/1. Let n = z - f. List the prime factors of n.
3, 7
Let i(g) = -2*g + 4*g + 2 + 11 + g**2 + 8*g. Let t be i(-8). What are the prime factors of 330/(-20)*8/t?
2, 11
Let x(s) = -6*s + 49. What are the prime factors of x(-15)?
139
Let t be (3 + (-4)/(-4))/2. Suppose -p - t*p = 2*w - 111, -p - 2*w + 41 = 0. What are the prime factors of p?
5, 7
Let z = 2363 + -1323. What are the prime factors of z?
2, 5, 13
Let b = -35 + -11. Let l = 116 + b. What are the prime factors of l?
2, 5, 7
Let r(m) = m**3 - 5*m**2 - 7*m + 3. Let q be r(6). List the prime factors of (-16)/48 + (-82)/q.
3
Suppose 3*c - 1 = 5. Suppose 6*q = q - 4*i + 348, 2*q = -c*i + 140. What are the prime factors of q?
2, 17
Suppose -2*w + 0*w + 88 = 0. Let t be (-1 - -4 - 4) + 1. Suppose t*g - w = -4*g. What are the prime factors of g?
11
Let z = -215 + 454. Suppose 5*v + 4*q = z, 2*v - 4*q - 67 = 51. What are the prime factors of v?
3, 17
Suppose 0 = 3*u + 1 - 7. Suppose 26 + 42 = u*d + 4*r, 2*r = 2*d - 86. Suppose -5*m + d = -m - 5*c, -5*m + 29 = -c. List the prime factors of m.
5
Suppose -68 = -q + 5*q. Let k = 87 + q. What are the prime factors of k?
2, 5, 7
Let i be (-5)/((-1)/(-86)*-2). Suppose -2*s - 3*n = -2*n + i, 5*s + 5*n + 535 = 0. Let l = -68 - s. List the prime factors of l.
2, 5
Let j = -5 + 47. List the prime factors of 2/(-2) - (10 + -5 - j).
2, 3
Suppose 0 = 2*i - n - 9, -3 = -2*i + 6*i + 5*n. Suppose -5*u = -2*u + 3*o - 381, i*u - 373 = o. List the prime factors of u.
5
Let p(i) = 94*i + 1067. What are the prime factors of p(39)?
4733
Let a(l) = -16*l - 3*l**2 - l - 6 + 4*l + 0. Let r(k) = k**2 + 7*k + 3. Let c(j) = -4*a(j) - 7*r(j). List the prime factors of c(3).
3, 19
Let m(g) = -g**3 - 6*g**2 + 9*g - 10. Let t be m(-8). Let j = t - 88. What are the prime factors of (-6)/j + 82/14?
2, 3
Let s(k) = 6*k + 41. Let z be s(-6). Suppose 0 = 2*l - u - 107, z*u = u - 20. List the prime factors of l.
3, 17
List the prime factors of (-3)/9 + 1502/6.
2, 5
Let x = 20 + -17. Suppose -2*c + x*l = -119, -2*c - 2*l = -7*l - 129. Let j = -23 + c. What are the prime factors of j?
29
Suppose -l + 187 = -3*r + 29, 5*r = 4*l - 625. Suppose -3*y = 2*y - l. List the prime factors of y.
31
Let z(f) be the second derivative of f**7/2520 + 29*f**5/120 - 5*f**4/12 + f. Let b(r) be the third derivative of z(r). What are the prime factors of b(0)?
29
Let n(t) = -t**2 - 6*t - 1. Let r be n(-5). Suppose -r + 205 = 3*g. List the prime factors of g.
67
Let h = 22 + -2. Suppose 19*j = h*j - 16. What are the prime factors of j?
2
Let l(g) = 4*g**2 + 4 - 2*g + 10*g**3 - 9*g**3 + 5*g**2 - g**2. List the prime factors of l(-7).
67
Suppose -24 + 96 = -2*i. Let r = i + 85. Suppose -r = 3*q - 5*q - 3*g, -q - 4*g + 37 = 0. What are the prime factors of q?
17
Suppose -i + b = -25, -3*i + 55 = -0*b + b. Suppose -2*k + h = -281 - 181, i = 5*h. List the prime factors of k.
233
Let j be (-16)/(-32) + (-2)/4. Suppose -49 = -i - 3*r, j = i - 2*i - 4*r + 51. Let k = 71 - i. List the prime factors of k.
2, 7
Let v = -393 - -533. What are the prime factors of v?
2, 5, 7
Let d(z) be the second derivative of z**4/12 - z**2/2 + 3*z. Let k be d(3). List the prime factors of -1*(2 + (-3 - k)).
3
Let b(k) = k**3 - 10*k**2 + 12*k - 13. Suppose -33 = -5*h + 12. Let p be b(h). Let w = -2 + p. What are the prime factors of w?
2, 3
Let y = 15 - 11. Suppose 0 = -t + 4, -2*s + y*s = 3*t + 98. List the prime factors of s.
5, 11
Let n(j) = -99*j - 9. What are the prime factors of n(-1)?
2, 3, 5
Let k = 19 + 16. Let o = 117 - k. What are the prime factors of o?
2, 41
Suppose -177 = -3*i - f + 6*f, -5*i + 5*f + 295 = 0. Let t = 155 - i. Suppose t = 4*z - 0*z. List the prime factors of z.
2, 3
Suppose -294 - 86 = -5*k. Let c = 155 - k. What are the prime factors of c?
79
Let h be (-357)/(-35) - (-4)/5. Let b(r) = -4*r + 26. Let g be b(h). List the prime factors of 2/12 + (-897)/g.
2, 5
List the prime factors of 2 + (4 - (-375 - -1)).
2, 5, 19
Let i be 3*-16*(-3)/18. Suppose 10 = s - 5*c, i*s = 3*s - 3*c + 78. Let d = s - 8. List the prime factors of d.
7
Suppose 65 = -3*i + 626. Suppos